{"id":9703,"date":"2024-03-28T09:30:07","date_gmt":"2024-03-28T08:30:07","guid":{"rendered":"https:\/\/alaoadjassa.com\/?page_id=9703"},"modified":"2024-03-30T06:37:51","modified_gmt":"2024-03-30T05:37:51","slug":"cgu","status":"publish","type":"page","link":"https:\/\/alaoadjassa.com\/?page_id=9703","title":{"rendered":"CGU"},"content":{"rendered":"\t\t<div data-elementor-type=\"wp-page\" data-elementor-id=\"9703\" class=\"elementor elementor-9703\">\n\t\t\t\t<div class=\"elementor-element elementor-element-349ea457 e-con-full e-flex e-con e-parent\" data-id=\"349ea457\" data-element_type=\"container\" data-core-v316-plus=\"true\">\n\t\t\t\t<div class=\"elementor-element elementor-element-e69fa1b elementor-widget elementor-widget-text-editor\" data-id=\"e69fa1b\" data-element_type=\"widget\" data-widget_type=\"text-editor.default\">\n\t\t\t\t<div class=\"elementor-widget-container\">\n\t\t\t<style>\/*! elementor - v3.20.0 - 26-03-2024 *\/\n.elementor-widget-text-editor.elementor-drop-cap-view-stacked .elementor-drop-cap{background-color:#69727d;color:#fff}.elementor-widget-text-editor.elementor-drop-cap-view-framed .elementor-drop-cap{color:#69727d;border:3px solid;background-color:transparent}.elementor-widget-text-editor:not(.elementor-drop-cap-view-default) .elementor-drop-cap{margin-top:8px}.elementor-widget-text-editor:not(.elementor-drop-cap-view-default) .elementor-drop-cap-letter{width:1em;height:1em}.elementor-widget-text-editor .elementor-drop-cap{float:left;text-align:center;line-height:1;font-size:50px}.elementor-widget-text-editor .elementor-drop-cap-letter{display:inline-block}<\/style>\t\t\t\t<ol>\n<li>Pr\u00e9ambule<\/li>\n<li>Champ d&rsquo;application<\/li>\n<li>Acceptation des Conditions d&rsquo;utilisation<\/li>\n<li>Consentement et Collecte de Donn\u00e9es<\/li>\n<li>Confidentialit\u00e9 et S\u00e9curit\u00e9 des Donn\u00e9es<\/li>\n<li>Responsabilit\u00e9s<\/li>\n<li>Responsabilit\u00e9 de l\u2019utilisateur<\/li>\n<li>Responsabilit\u00e9 de l\u2019\u00e9diteur<\/li>\n<li>Responsabilit\u00e9 en cas de violation de vos informations personnelles<\/li>\n<li>Modifications des Conditions<\/li>\n<li>Renseignements<\/li>\n<li>Loi Applicable et R\u00e8glement des Litiges<\/li>\n<\/ol>\t\t\t\t\t\t<\/div>\n\t\t\t\t<\/div>\n\t\t\t\t<div class=\"elementor-element elementor-element-4232532c elementor-widget elementor-widget-text-editor\" data-id=\"4232532c\" data-element_type=\"widget\" data-widget_type=\"text-editor.default\">\n\t\t\t\t<div class=\"elementor-widget-container\">\n\t\t\t\t\t\t\t<!-- wp:paragraph --><!-- \/wp:paragraph --><!-- wp:heading {\"level\":1} -->\n<ol>\n<li class=\"wp-block-heading\"><strong>Pr\u00e9ambule<\/strong><\/li>\n<\/ol>\n<!-- \/wp:heading --><!-- wp:paragraph -->\n<p>Les pr\u00e9sentes Conditions G\u00e9n\u00e9rales d&rsquo;Utilisation\u00a0 \u00e9noncent les termes et conditions dans lesquels, <strong>Alao Olayod\u00e9 ADJASSA<\/strong> fournit un service de cr\u00e9ation et d&rsquo;h\u00e9bergement de contenu accessible sur le\u00a0 site\u00a0 <a href=\"https:\/\/alaoadjassa.com\/\">https:\/\/alaoadjassa.com\/<\/a> \u00a0 (ci-apr\u00e8s d\u00e9sign\u00e9 par \u00ab\u00a0la plateforme\u00a0\u00bb).\u00a0 Les termes \u00ab\u00a0nous\u00a0\u00bb, \u00ab\u00a0notre\u00a0\u00bb, et \u00a0\u00bb Editeur\u00a0\u00bb tels qu&rsquo;utilis\u00e9s dans ces Conditions G\u00e9n\u00e9rales d&rsquo;Utilisation ainsi que dans les documents subs\u00e9quents tels que la \u00ab\u00a0Politique de confidentialit\u00e9\u00a0\u00bb et les mentions l\u00e9gales, font r\u00e9f\u00e9rence \u00e0 <strong>Alao Olayod\u00e9 ADJASSA.\u00a0<\/strong><\/p>\n<!-- \/wp:paragraph --><!-- wp:list {\"ordered\":true} -->\n<ol><!-- wp:list-item -->\n<li><strong>Champ d&rsquo;application<\/strong><\/li>\n<!-- \/wp:list-item --><\/ol>\n<!-- \/wp:list --><!-- wp:paragraph -->\n<p>Les pr\u00e9sentes conditions g\u00e9n\u00e9rales d&rsquo;utilisation (ci-apr\u00e8s les \u00ab CGU \u00bb) s&rsquo;appliquent \u00e0 toute visite ou utilisation de la Plateforme et de ses informations par un internaute (ci-apr\u00e8s \u00ab Utilisateur \u00bb).\u00a0<\/p>\n<!-- \/wp:paragraph --><!-- wp:list {\"ordered\":true,\"start\":2} -->\n<ol start=\"2\"><!-- wp:list-item -->\n<li><strong>Acceptation des Conditions d&rsquo;utilisation<\/strong><\/li>\n<!-- \/wp:list-item --><\/ol>\n<!-- \/wp:list --><!-- wp:paragraph -->\n<p>En visitant ou en utilisant la Plateforme, l&rsquo;Utilisateur reconna\u00eet avoir pris connaissance des CGU pr\u00e9sentes et accepte express\u00e9ment les droits et obligations qui y sont mentionn\u00e9s. Nous nous r\u00e9servons le droit de modifier nos CGU \u00e0 tout moment, sans notification pr\u00e9alable<\/p>\n<!-- \/wp:paragraph --><!-- wp:list {\"ordered\":true,\"start\":3} -->\n<ol start=\"3\"><!-- wp:list-item -->\n<li><strong>Consentement et Collecte de Donn\u00e9es<\/strong><\/li>\n<!-- \/wp:list-item --><\/ol>\n<!-- \/wp:list --><!-- wp:paragraph -->\n<p>En utilisant la plateforme, vous consentez express\u00e9ment \u00e0 la collecte, au traitement, et \u00e0 l&rsquo;utilisation de vos donn\u00e9es personnelles conform\u00e9ment aux pr\u00e9sentes Conditions G\u00e9n\u00e9rales d&rsquo;Utilisation.<\/p>\n<!-- \/wp:paragraph --><!-- wp:paragraph -->\n<p>Pour vous fournir un acc\u00e8s optimal aux fonctionnalit\u00e9s, et \u00e0 d&rsquo;autres services, nous collectons des informations personnelles telles que votre nom, votre pr\u00e9nom, votre adresse e-mail, l\u2019objet de votre prise de contact, vos informations de connexion.\u00a0<\/p>\n<!-- \/wp:paragraph --><!-- wp:list {\"ordered\":true,\"start\":4} -->\n<ol start=\"4\"><!-- wp:list-item -->\n<li><strong>Confidentialit\u00e9 et S\u00e9curit\u00e9 des Donn\u00e9es<\/strong><\/li>\n<!-- \/wp:list-item --><\/ol>\n<!-- \/wp:list --><!-- wp:paragraph -->\n<p>Nous nous engageons \u00e0 recueillir uniquement les donn\u00e9es n\u00e9cessaires \u00e0 la r\u00e9alisation des finalit\u00e9s sp\u00e9cifiques mentionn\u00e9es dans notre Politique de Confidentialit\u00e9.<\/p>\n<!-- \/wp:paragraph --><!-- wp:paragraph -->\n<p>Nous prenons la confidentialit\u00e9 et la s\u00e9curit\u00e9 de vos donn\u00e9es personnelles au s\u00e9rieux. Pour en savoir plus sur la mani\u00e8re dont nous g\u00e9rons vos donn\u00e9es, veuillez consulter notre politique de confidentialit\u00e9.<\/p>\n<!-- \/wp:paragraph --><!-- wp:list {\"ordered\":true,\"start\":5} -->\n<ol start=\"5\"><!-- wp:list-item -->\n<li><strong>Responsabilit\u00e9s<\/strong><!-- wp:list {\"ordered\":true} -->\n<ol><!-- wp:list-item -->\n<li><strong>Responsabilit\u00e9 de l\u2019utilisateur<\/strong><\/li>\n<!-- \/wp:list-item --><\/ol>\n<!-- \/wp:list --><\/li>\n<!-- \/wp:list-item --><\/ol>\n<!-- \/wp:list --><!-- wp:paragraph -->\n<p>L\u2019ensemble du mat\u00e9riel et des logiciels n\u00e9cessaires \u00e0 l\u2019acc\u00e8s et \u00e0 l\u2019utilisation du site est \u00e0 votre charge. Vous \u00eates donc responsable du bon fonctionnement de votre mat\u00e9riel et de son acc\u00e8s internet.\u00a0<\/p>\n<!-- \/wp:paragraph --><!-- wp:paragraph -->\n<p>L\u2019usage des contenus mis \u00e0 disposition par l\u2019interm\u00e9diaire du site rel\u00e8ve de votre seule responsabilit\u00e9. Les faits ou actes que vous seriez amen\u00e9 \u00e0 accomplir en consid\u00e9ration de ces informations ne sauraient engager d\u2019autre responsabilit\u00e9 que la v\u00f4tre.<\/p>\n<!-- \/wp:paragraph --><!-- wp:paragraph -->\n<p>L\u2019acc\u00e8s aux contenus mis \u00e0 disposition sur le site rel\u00e8ve de votre responsabilit\u00e9 l\u2019\u00e9diteur ne pourrait \u00eatre tenu responsable pour les d\u00e9g\u00e2ts ou la perte de donn\u00e9es qui pourraient r\u00e9sulter du t\u00e9l\u00e9chargement ou de l\u2019utilisation des contenus diffus\u00e9s sur le site.<\/p>\n<!-- \/wp:paragraph --><!-- wp:paragraph -->\n<p>Vous \u00eates seul responsable \u00e0 l\u2019\u00e9gard de nous et le cas \u00e9ch\u00e9ant de tout tiers, de tous dommages, directs ou indirects, de quelque nature que ce soit pour toute violation des pr\u00e9sentes conditions g\u00e9n\u00e9rales d&rsquo;utilisation et la politique de confidentialit\u00e9.<\/p>\n<!-- \/wp:paragraph --><!-- wp:list {\"ordered\":true,\"start\":2} -->\n<ol start=\"2\"><!-- wp:list-item -->\n<li><strong>Responsabilit\u00e9 de l\u2019\u00e9diteur<\/strong><\/li>\n<!-- \/wp:list-item --><\/ol>\n<!-- \/wp:list --><!-- wp:paragraph -->\n<p>Le site est normalement accessible 24 heures sur 24, 7 jours sur 7, sauf en cas d&rsquo;interruption pr\u00e9vue pour la maintenance ou en cas de force majeure. En tant qu&rsquo;\u00e9diteur, nous nous engageons \u00e0 fournir tous les efforts raisonnables pour maintenir la disponibilit\u00e9 du site, mais nous ne pouvons garantir un acc\u00e8s ininterrompu. Nous d\u00e9clinons toute responsabilit\u00e9 pour tout dommage r\u00e9sultant de l&rsquo;indisponibilit\u00e9 du site.<\/p>\n<!-- \/wp:paragraph --><!-- wp:paragraph -->\n<p>Nous mettons en place toutes les mesures raisonnables pour offrir un acc\u00e8s de qualit\u00e9, mais nous ne sommes pas tenus de garantir un acc\u00e8s sans faille. De plus, nous ne pouvons \u00eatre tenus responsables des dysfonctionnements du r\u00e9seau ou des serveurs, ni de tout \u00e9v\u00e9nement ind\u00e9pendant de notre contr\u00f4le raisonnable qui pourrait entraver ou alt\u00e9rer l&rsquo;acc\u00e8s au site.<\/p>\n<!-- \/wp:paragraph --><!-- wp:paragraph -->\n<p>Nous nous r\u00e9servons le droit d&rsquo;interrompre, de suspendre temporairement ou de modifier l&rsquo;acc\u00e8s \u00e0 tout ou partie du site sans pr\u00e9avis, pour des raisons de maintenance ou pour toute autre raison, sans que cela ne donne lieu \u00e0 une obligation ou \u00e0 une indemnisation de quelque nature que ce soit.<\/p>\n<!-- \/wp:paragraph --><!-- wp:list {\"ordered\":true,\"start\":3} -->\n<ol start=\"3\"><!-- wp:list-item -->\n<li><strong>\u00a0Responsabilit\u00e9 en cas de violation de vos informations personnelles\u00a0<\/strong><\/li>\n<!-- \/wp:list-item --><\/ol>\n<!-- \/wp:list --><!-- wp:paragraph -->\n<p>Si vous constatez une violation de vos informations personnelles, nous vous prions de nous contacter imm\u00e9diatement via les coordonn\u00e9es fournies dans ce document. Nous agirons promptement pour rem\u00e9dier \u00e0 la situation et, le cas \u00e9ch\u00e9ant, nous informerons les autorit\u00e9s comp\u00e9tentes.<\/p>\n<!-- \/wp:paragraph --><!-- wp:paragraph -->\n<p>Bien que nous mettions en place des mesures de s\u00e9curit\u00e9 pour pr\u00e9server la confidentialit\u00e9 de vos donn\u00e9es personnelles, nous consid\u00e9rons la s\u00e9curit\u00e9 des donn\u00e9es comme une responsabilit\u00e9 partag\u00e9e. Nous encourageons donc les utilisateurs \u00e0 prendre \u00e9galement des mesures pour s\u00e9curiser leurs propres informations personnelles.<\/p>\n<!-- \/wp:paragraph --><!-- wp:list {\"ordered\":true,\"start\":6} -->\n<ol start=\"6\"><!-- wp:list-item -->\n<li><strong>Modifications des Conditions<\/strong><\/li>\n<!-- \/wp:list-item --><\/ol>\n<!-- \/wp:list --><!-- wp:paragraph -->\n<p>Sauf indication contraire, les conditions d&rsquo;utilisation d\u00e9taill\u00e9es dans cette section s&rsquo;appliquent g\u00e9n\u00e9ralement lors de l&rsquo;utilisation de cette plateforme.<\/p>\n<!-- \/wp:paragraph --><!-- wp:paragraph -->\n<p>Nous pouvons de temps en temps modifier ces Conditions. Tout changement sera imm\u00e9diatement r\u00e9percut\u00e9 sur la pr\u00e9sente page. Veuillez consulter r\u00e9guli\u00e8rement ces Conditions pour vous assurer que vous \u00eates au courant de toute modification apport\u00e9e par nous. Si vous continuez \u00e0 utiliser ce site, vous \u00eates r\u00e9put\u00e9 avoir accept\u00e9 ces modifications.<\/p>\n<!-- \/wp:paragraph --><!-- wp:list {\"ordered\":true,\"start\":7} -->\n<ol start=\"7\"><!-- wp:list-item -->\n<li><strong>Renseignements<\/strong><strong>\u00a0<\/strong><\/li>\n<!-- \/wp:list-item --><\/ol>\n<!-- \/wp:list --><!-- wp:paragraph -->\n<p>Si vous avez des questions concernant notre plateforme, vous pouvez nous contacter par\u00a0:\u00a0<\/p>\n<!-- \/wp:paragraph --><!-- wp:paragraph -->\n<p>\u00a0T\u00e9l : +229 96 20 20 90\u00a0 ou\u00a0 Courriel : <a href=\"mailto:info@alaoadjassa.com\">info@alaoadjassa.com<\/a>\u00a0<\/p>\n<!-- \/wp:paragraph --><!-- wp:list {\"ordered\":true,\"start\":8} -->\n<ol start=\"8\"><!-- wp:list-item -->\n<li><strong>Loi Applicable et R\u00e8glement des Litiges<\/strong><\/li>\n<!-- \/wp:list-item --><\/ol>\n<!-- \/wp:list --><!-- wp:paragraph -->\n<p>Les pr\u00e9sentes CGU sont r\u00e9gies par les lois en vigueur au B\u00e9nin.<\/p>\n<!-- \/wp:paragraph --><!-- wp:paragraph -->\n<p>Tout litige d\u00e9coulant des pr\u00e9sentes CGU sera soumis \u00e0 un arbitrage conforme aux r\u00e8gles en vigueur au B\u00e9nin.<\/p>\n<!-- \/wp:paragraph -->\t\t\t\t\t\t<\/div>\n\t\t\t\t<\/div>\n\t\t\t\t<\/div>\n\t\t\t\t<\/div>\n\t\t","protected":false},"excerpt":{"rendered":"<p>Pr\u00e9ambule Champ d&rsquo;application Acceptation des Conditions d&rsquo;utilisation Consentement et Collecte de Donn\u00e9es Confidentialit\u00e9 et S\u00e9curit\u00e9 des Donn\u00e9es Responsabilit\u00e9s Responsabilit\u00e9 de l\u2019utilisateur Responsabilit\u00e9 de l\u2019\u00e9diteur Responsabilit\u00e9 en cas de violation de vos informations personnelles Modifications des Conditions Renseignements Loi Applicable et R\u00e8glement des Litiges Pr\u00e9ambule Les pr\u00e9sentes Conditions G\u00e9n\u00e9rales d&rsquo;Utilisation\u00a0 \u00e9noncent les termes et conditions dans [&hellip;]<\/p>\n","protected":false},"author":1,"featured_media":0,"parent":0,"menu_order":0,"comment_status":"closed","ping_status":"closed","template":"","meta":{"footnotes":""},"class_list":["post-9703","page","type-page","status-publish","hentry"],"_links":{"self":[{"href":"https:\/\/alaoadjassa.com\/index.php?rest_route=\/wp\/v2\/pages\/9703","targetHints":{"allow":["GET"]}}],"collection":[{"href":"https:\/\/alaoadjassa.com\/index.php?rest_route=\/wp\/v2\/pages"}],"about":[{"href":"https:\/\/alaoadjassa.com\/index.php?rest_route=\/wp\/v2\/types\/page"}],"author":[{"embeddable":true,"href":"https:\/\/alaoadjassa.com\/index.php?rest_route=\/wp\/v2\/users\/1"}],"replies":[{"embeddable":true,"href":"https:\/\/alaoadjassa.com\/index.php?rest_route=%2Fwp%2Fv2%2Fcomments&post=9703"}],"version-history":[{"count":5,"href":"https:\/\/alaoadjassa.com\/index.php?rest_route=\/wp\/v2\/pages\/9703\/revisions"}],"predecessor-version":[{"id":9736,"href":"https:\/\/alaoadjassa.com\/index.php?rest_route=\/wp\/v2\/pages\/9703\/revisions\/9736"}],"wp:attachment":[{"href":"https:\/\/alaoadjassa.com\/index.php?rest_route=%2Fwp%2Fv2%2Fmedia&parent=9703"}],"curies":[{"name":"wp","href":"https:\/\/api.w.org\/{rel}","templated":true}]}}